0. Calculate the greatest common factor of j and q.
10
Let v = 115 - 165. Let m be (v/4)/(1/(-6)). What is the highest common factor of 15 and m?
15
Let n be (24/20)/((-2)/(-5)). Suppose -2*f + 0*f + 5*p = 12, n*f + 18 = 4*p. Let c be (f/(-4))/(2/12). What is the greatest common divisor of 6 and c?
3
Suppose 0 = 4*z + 3*y + 7, 2*z = 5*z + 4*y + 14. Calculate the greatest common divisor of z and 6.
2
Let b be ((-2)/6)/(11/(-4191)). Let v = 227 - b. What is the greatest common divisor of v and 20?
20
Let x be (-12 + 0)*(-3)/4. Suppose 20 = 9*d - 304. Calculate the greatest common factor of x and d.
9
Let r(w) = w**2 + 7*w - 6. Let x be r(-7). Let c = x - -4. Let h be c/(-6) - (-87)/9. Calculate the highest common divisor of h and 25.
5
Let a be (-1 + 4)/((-3)/21). Let m = 48 + a. What is the greatest common factor of 9 and m?
9
Let t be 349 + 3 - (1 - 0). Suppose 0*o - t = -3*o. Calculate the highest common divisor of o and 13.
13
Let n(o) = -o**2 - 4*o. Let r be n(-3). Let k = r + -2. Let a be 0 + 6/3 + k. What is the highest common divisor of a and 12?
3
Suppose -j + h + 38 = 0, -3*h - 2*h - 82 = -2*j. What is the highest common divisor of 4 and j?
4
Let a(y) = 2*y**2 - 3*y - 6. Let z be a(-4). What is the highest common factor of z and 19?
19
Let a be (3/(-1))/(4 + (-175)/40). Calculate the highest common factor of a and 8.
8
Suppose -15 = -3*k, -2*t + 0*k + 60 = -4*k. What is the highest common factor of t and 40?
40
Suppose 29*b - 30*b + 32 = 0. Calculate the greatest common divisor of b and 224.
32
Suppose -2*h + 7 + 3 = 0. Let i(v) = -v**2 - 7*v - 5. Let s be i(-5). What is the greatest common divisor of s and h?
5
Let s = -219 - -570. Calculate the greatest common factor of 39 and s.
39
Suppose 0 = 4*c - 5*l - 11, -2*c - 4*l + 8 = -c. Suppose -5*f + 25 = 2*m - 0*m, -c*m = -f - 39. Calculate the greatest common divisor of 2 and m.
2
Let h = 29 + 5. What is the greatest common divisor of h and 102?
34
Let v = -99 + 169. What is the greatest common divisor of 14 and v?
14
Suppose 2*o = 3*o - 1. Calculate the highest common divisor of 2 and o.
1
Suppose -2*u - 20 = 2*u. Let g = -14 - u. Let t = g - -19. What is the highest common factor of 20 and t?
10
Let u(m) be the first derivative of -m**4/4 + 2*m**3 + m**2/2 - 3. Let q be u(5). Calculate the highest common factor of q and 6.
6
Let i be (9/6)/(4/24). Calculate the highest common divisor of 18 and i.
9
Suppose -6 = 2*v - 2*l + 6*l, -2*v + 9 = -l. Suppose 4*r + j = 35, 23 = 4*r - 6*j + v*j. What is the greatest common factor of 24 and r?
8
Let g be (-2 - -3)*(2 + -2 - -8). Calculate the highest common divisor of 72 and g.
8
Let x = 14 + 2. Suppose x = 2*t - 12. Let n be (1 - 4/2)*-14. Calculate the greatest common divisor of t and n.
14
Let h be 8/(-36)*-6*-3. Let t = h - -6. What is the greatest common factor of 3 and t?
1
Let h(w) = -w**3 - 5*w**2 - 7*w - 5. Let r(c) = c + 5. Let g be r(-9). Let d be h(g). Calculate the greatest common factor of 35 and d.
7
Suppose -3*p = 5*h + 4 - 51, 0 = p - 5*h - 29. What is the greatest common factor of p and 133?
19
Let q = 13 + -9. Suppose 4*k - 3*y = -134 - 16, -y = -3*k - 115. Let a = -27 - k. What is the highest common divisor of a and q?
4
Let c(x) = 3 - 2*x**2 + 13*x**3 + 5 - 7. Let l be c(1). Calculate the highest common factor of 12 and l.
12
Let s(v) = -v**2 + 5*v + 3. Let p be s(5). Let q(h) = 2*h**2 + 2*h + 4. Let d be q(-6). Suppose j - d = -p*j. What is the highest common divisor of 16 and j?
16
Let t = 237 - 118. Let v be (2 + -1)/((-1)/(-17)). What is the highest common factor of v and t?
17
Suppose 11*p - 10 = 9*p. What is the greatest common factor of p and 40?
5
Let u = -19 + 38. Let o = -149 + 87. Let n = o + 100. What is the greatest common factor of n and u?
19
Let l = 5 + -3. Let g be (-2)/4 + 171/l. What is the highest common divisor of 34 and g?
17
Let g = 96 - 69. What is the greatest common factor of g and 3?
3
Let k be 7/(-2)*-4 + 0. Let a = -16 + 18. What is the highest common divisor of a and k?
2
Let n(o) = -o**3 + o**2 + 60. Let i be n(0). Let w(s) = -2*s**2 + 11*s + 5. Let r be w(5). What is the greatest common factor of i and r?
10
Let i = 58 - 50. What is the greatest common divisor of 20 and i?
4
Let g = 13 - 8. Let s be (-4)/6*(g + -2). Let h = s + 6. What is the highest common factor of 10 and h?
2
Suppose 0*o + 10 = 5*o. Suppose 0*f - 146 = -o*f + k, f + 4*k = 64. What is the greatest common divisor of 9 and f?
9
Suppose -2*g - 505 = -7*g. Suppose -3*f + 669 = 3*t, 2*f - g - 324 = 5*t. What is the greatest common factor of 20 and f?
20
Let b be 8/(-36) - 38/(-9). Suppose -b*f - f = -30. Calculate the highest common divisor of f and 9.
3
Suppose -11 = -g - 3*c + 5, 2*c + 4 = 0. Let f = -4 + 7. Suppose 0 = -f*d - 2*d + 275. What is the highest common divisor of d and g?
11
Let c(x) = -35*x + 21. Let a be c(-9). Calculate the highest common divisor of a and 48.
48
Let f be (-2 - -3)/(2 + 95/(-48)). Calculate the greatest common divisor of f and 60.
12
Let k be (-42)/(-9) - ((-30)/9 - -3). What is the greatest common divisor of 45 and k?
5
Suppose 2*o - 674 = -4*i, -3*o + 12 = -2*i + 369. Let v be 154/8 - 3/12. What is the greatest common factor of v and i?
19
Let t be (-2 - 1) + 5 + 13. Suppose 4 = -4*q, -d + 29 + 102 = 4*q. Calculate the greatest common divisor of d and t.
15
Let x = 48 + -34. Suppose -2*a - 2*o - 2*o = 16, o + 4 = 2*a. Let b = x + a. Calculate the highest common factor of b and 2.
2
Suppose -k - 4 = 0, -12 = -6*l + 3*l + 3*k. Suppose l = 5*n - n - 48. Calculate the highest common factor of 6 and n.
6
Let d be 405*(-2 - (-24)/9). Calculate the greatest common factor of 30 and d.
30
Let c = 50 + -49. Calculate the highest common factor of c and 1.
1
Suppose 129 = j - 4*j. Let d be 5 + -2 + j + 1. Let i be (-6)/d - (-1166)/26. What is the highest common factor of i and 5?
5
Suppose 3*c = -5*k + 260, 2*k = -c - 4*c + 427. What is the greatest common factor of c and 34?
17
Suppose 59 = 2*s + s + o, -5*s = -2*o - 80. Let g be -4 + (-1)/(1/(-16)). Calculate the highest common divisor of s and g.
6
Let k = -41 - -108. Suppose q = -s + 45, -s - k - 138 = -4*q. Suppose -24 - 16 = -2*w. Calculate the greatest common divisor of w and q.
10
Suppose -4*x + p = 356, -3*p - 128 = 2*x + 36. Let k be (6/7)/(1/7). Let c be (3/(-2))/(k/x). What is the highest common divisor of 55 and c?
11
Let t = 34 + -20. Let z = 83 - -3. Let g = 68 + z. Calculate the highest common factor of g and t.
14
Let f(b) = 2*b**2 - 7*b + 6. Let j be f(4). Let x be j + (-3)/(-1) + -3. Calculate the highest common factor of 2 and x.
2
Suppose 5*b = 0, 2*b + 2 = -3*l + 281. Let y = l - 49. What is the highest common divisor of y and 11?
11
Suppose 9*m = 23 + 49. Let c be (3/(-2))/((-1)/(-58)). Let i = 159 + c. What is the highest common factor of m and i?
8
Let b = 106 - -254. What is the highest common factor of 40 and b?
40
Suppose -4 = f - 3*f. Suppose -f*o - 5 = -17. Let u be (-1 + (-159)/o)*-2. Calculate the greatest common factor of 11 and u.
11
Let k(i) = -i + 29. Let v be k(14). What is the highest common factor of 45 and v?
15
Let b(g) = g**3 - 4*g - 3. Let p = 6 + -2. Let d be b(p). Suppose 6*h - 3*h = y + 89, -y = -2*h + 59. Calculate the greatest common factor of h and d.
15
Let p be (-5)/(-20) + (-102)/(-8). Calculate the greatest common factor of 26 and p.
13
Suppose -4*m + 2*m = 0. Suppose m = -3*n + 2*n + 95. Let w be (19/(-3))/((-2)/6). What is the greatest common factor of n and w?
19
Suppose 0 = 2*f - j + 13, 0*j + 2*j + 28 = -2*f. Let w = f + 16. Calculate the highest common factor of w and 77.
7
Let s(r) = -2*r + 1. Let t be s(-1). Calculate the highest common divisor of t and 2.
1
Suppose -5*q = 3 - 28. Suppose 34 = q*s + 14. Let b = -1 + s. What is the highest common divisor of 1 and b?
1
Let a(i) = i**2 - 7*i - 6. Let v be a(8). Suppose v*j - 28 = -0*l + 4*l, 91 = 5*j - 3*l. What is the highest common divisor of j and 60?
20
Suppose -2*f + 12 = -0*f. Suppose -4 = -u + 3. Suppose 151 = 3*a + u. Calculate the greatest common factor of a and f.
6
Suppose 4*w + 5 = 45. Suppose -2*q + 5*q = 9. Suppose -348 + 78 = -q*z. Calculate the highest common divisor of z and w.
10
Let y be (3 - 0) + 0 + -1. Suppose -y*j = -w + j